= -0*l + 4*l - 260. Suppose 0 = -12*o + 7*o + l. Calculate the greatest common divisor of o and 39.
13
Let m be (-1)/3*-6*15/3. Calculate the greatest common divisor of m and 35.
5
Let b = 5 + -4. Let n be 1 + b/(-1) - -3. Let j be n/9 - 142/(-6). What is the highest common factor of 8 and j?
8
Suppose -4*o - 47 = 4*d - 15, -5*d + 20 = 0. Suppose 3*r - 2*r - i = -37, 5*r + 2*i + 164 = 0. Let j = o - r. Calculate the greatest common divisor of j and 2.
2
Let m(g) = g**2 - 7. Let y be m(-7). Calculate the highest common factor of 210 and y.
42
Let m(d) = 2*d**2 + 8*d + 4. Let r be m(-5). Suppose -4*j + h = -6*j + 306, 3*j - 452 = -5*h. Calculate the highest common divisor of r and j.
14
Suppose 2*k - 47 = -5*z, -5*k + 32 = z - 28. Suppose 0 = -3*y + 195 - 57. Suppose -y = -w - 2. Calculate the greatest common factor of k and w.
11
Let v = -19 - -46. Let l(g) be the second derivative of -g**5/10 + g**4/12 - g**2 + g. Let u be l(-2). What is the highest common factor of u and v?
9
Let y be 1*(4 + 1 + -2). Suppose -l = y*l + 5*p - 30, -2*l = -3*p - 26. What is the greatest common factor of l and 80?
10
Let b(h) = 2*h**2 - 3*h + 2. Suppose 0 = -0*d + 3*d - 6. Let j be b(d). Suppose -8 = g - 24. Calculate the highest common divisor of j and g.
4
Let n be (33/(-12))/(2/(-8)). Suppose 0 = z - 0*z. Suppose z*b + b - 77 = 0. What is the greatest common factor of n and b?
11
Let j be 11/(-33) - (-163)/3. Calculate the highest common divisor of j and 378.
54
Let z(w) = -3*w**3 - 3*w**2 + 4*w - 3. Let o be z(2). Let b = -15 - o. What is the highest common factor of 40 and b?
8
Let l(m) = m**3 - m**2 - m - 4. Let k be l(3). Suppose 111 = p - 2*v, 4*p + 3*v - 378 = p. What is the highest common divisor of p and k?
11
Let r = 27 - 6. What is the highest common factor of r and 168?
21
Let x be 106/(-22) - 6/33. Let i(h) = -h**3 - 4*h**2 - 7*h - 6. Let g be i(x). Calculate the highest common divisor of 6 and g.
6
Let k = 299 - 491. Let r be k/9 + 3/9. Let f = r - -36. Calculate the highest common factor of f and 45.
15
Let t = -22 - -23. Calculate the greatest common divisor of t and 9.
1
Let z(v) = -v**3 - 2*v**2 - 2*v + 2. Let d be z(-2). Let f(s) = -s + 10. Let y be f(d). Calculate the greatest common divisor of 12 and y.
4
Let d be (-6)/30 + 136/5. What is the highest common factor of 189 and d?
27
Let d be 6/(-12) + 21/2. Let t(h) = d + 0 + 4*h**3 - 2*h**3 - h**3 - h**2. Let s be t(0). Calculate the highest common divisor of 70 and s.
10
Let g(i) = 4 + 4*i + 4*i**2 - i**2 - i**3 - i - 3. Let k be g(3). Calculate the greatest common factor of 25 and k.
5
Suppose -3*r - 4*h + 38 = -30, 4*h + 128 = 4*r. Let k = r - 16. Suppose 3*z - k = -0*z. What is the greatest common factor of z and 32?
4
Suppose -5*l - 5*u + 325 = 0, -3*l - 3*u = 2*u - 193. What is the greatest common factor of 6 and l?
6
Let h be 1*-3*(-8)/6. Let g = h - -18. What is the greatest common divisor of 11 and g?
11
Let f(m) = -2*m**2 - 3*m - 2. Let x be f(-2). Let j be -4*((1 - 1) + x). Let q = 28 - -68. Calculate the greatest common divisor of j and q.
16
Let g(x) = -2*x + 0*x**3 + 0 + 0 + 1 + x**3 + 2*x**2. Let u be g(-3). Let j be (-76)/(2 + -4) - u. What is the greatest common factor of 5 and j?
5
Let o = -2 - -10. Let f(b) = -6*b + 30. Let u be f(-7). What is the greatest common factor of u and o?
8
Suppose 0 = 3*i - 0*i + 18. Let x be 82/3 - (-2)/i. Suppose 5*f - x = -2*t, -3*f - 6 = -t + 2. Calculate the highest common factor of 11 and t.
11
Let f = -2 + 5. Let k(q) = 22*q - 1. Let y be k(f). Let u(n) = -n**2 - 9*n + 6. Let s be u(-5). What is the highest common factor of y and s?
13
Suppose -6 = -3*z - k, 5*z + k + 4*k = 10. Suppose -180 = -4*v + z*v. What is the highest common divisor of v and 36?
18
Suppose 14*a - 110 = 4*a. What is the greatest common factor of 11 and a?
11
Suppose 7*a - 46 - 549 = 0. Calculate the greatest common divisor of 17 and a.
17
Suppose 62 + 40 = 3*q. Calculate the greatest common divisor of 85 and q.
17
Suppose 3*t = 5*t - 20. Calculate the greatest common divisor of 10 and t.
10
Let s = 12 - -4. Suppose -s = -3*r + r. Suppose -36 - 28 = -4*z. Calculate the highest common divisor of z and r.
8
Suppose l = 3*h - 8, 0*h = -l - 2*h + 12. Calculate the highest common factor of l and 16.
4
Let u(v) = 14*v. Let w be u(1). What is the greatest common factor of 70 and w?
14
Suppose 5*q + 5*u - 465 = 0, q - u - 85 = 18. Calculate the greatest common factor of 14 and q.
14
Let n be (-1683)/(-6)*(-4)/(-6). What is the greatest common divisor of n and 17?
17
Let o = -14 - -32. What is the greatest common divisor of o and 45?
9
Suppose -50 = -2*l - 0*l. What is the greatest common factor of l and 50?
25
Let p(s) = -s**3 + 4*s**2 + 3*s + 7. Let a be p(4). What is the greatest common factor of a and 152?
19
Suppose 5*c + i - 112 = 0, -2*c + 49 = 3*i - 4*i. What is the highest common factor of c and 46?
23
Let w(g) = -6*g + 1. Let d be w(1). Suppose 0 = -5*i + 2*b - 19, -2*b + 4*b = 3*i + 13. Let p be d/(-3) - (-2)/i. What is the highest common factor of 5 and p?
1
Suppose y - 9 = -2*p - 27, -3*y - 5*p = 49. Let u(m) = 10 + 0 - 2 - 6*m. Let b be u(y). What is the highest common divisor of b and 7?
7
Let m be (2/(-2))/((-3)/330). Calculate the highest common divisor of 10 and m.
10
Let m be 814/8 + 4/16. Calculate the highest common divisor of m and 68.
34
Let q(k) = -6*k**2 + k. Let w be q(2). Let g = 36 + w. Calculate the highest common divisor of g and 14.
14
Let i be (-3 + 4)/((-2)/(-10)). Suppose 6*r - r - k = 900, -i*r + 2*k + 900 = 0. What is the highest common divisor of 20 and r?
20
Suppose -2*l = 3*r - 15, 4*l - 12 + 0 = 0. Let s = r - 1. Calculate the highest common factor of s and 5.
1
Let p = -8 - -24. What is the greatest common factor of 2 and p?
2
Let s be (-4)/8 + 14/4. Suppose j - 40 = -s*j. What is the greatest common divisor of 2 and j?
2
Suppose 2*l - 1 = -5*o, -l - 3*l = 2*o + 6. Let v be 1/(-1) - (-55 - o). Let p = v - -9. Calculate the greatest common divisor of p and 16.
16
Let s = 34 - -7. Let j be s + ((-3)/(-1))/(-3). Calculate the highest common divisor of 10 and j.
10
Suppose 3*h - 336 + 114 = -3*r, 136 = 2*r - h. Let k = 31 + -17. What is the highest common factor of k and r?
14
Let f = -15 + 21. Calculate the greatest common divisor of f and 3.
3
Let l(i) = -2*i**3 - 12*i**2 + 10*i + 4. Let z be l(-7). Suppose -356 = -f + 4*o, 669 = -3*f - 4*o + 1721. Calculate the greatest common factor of f and z.
32
Let u(p) = 2*p**2 - 7*p + 17. Let i be u(5). What is the greatest common divisor of 16 and i?
16
Let k be ((-126)/(-105))/(4/330). Calculate the greatest common factor of k and 9.
9
Suppose -2*j + 65 = -5*f, -j - 4*j + 58 = -3*f. Let m = -4 - f. Calculate the greatest common divisor of m and 7.
7
Let a = 29 - 19. What is the greatest common divisor of a and 5?
5
Suppose -84 = -n - 2*n. Suppose -4*z + 16 = -n. Calculate the greatest common factor of 99 and z.
11
Suppose 2*f + 2 = -0*f. Let n = 4 + f. Let b be 2/(-11) - (-334)/22. What is the highest common factor of n and b?
3
Let r(c) = -8*c + 27. Let l be r(-8). What is the greatest common divisor of l and 26?
13
Let n(i) = -i**3 - i**2 + 3*i + 5. Let y be n(-5). Suppose -3*o + y = 2*o. Let x = -292 - -472. Calculate the greatest common factor of x and o.
18
Let s be 5/((-1)/(-2 - -1)). What is the highest common divisor of 40 and s?
5
Let w be ((-6)/(-9))/(1/(-6)). Let x(r) = -r**3 - 5*r**2 - 5*r - 5. Let a be x(w). Let i be a/6 - 845/(-30). What is the greatest common divisor of i and 70?
14
Suppose 0*b = -b + 15. Calculate the greatest common factor of b and 30.
15
Suppose -2*o = -7*o + 360. What is the greatest common factor of 9 and o?
9
Let s(z) = 3*z**3 - 3*z**2 + z + 3. Let h be s(3). What is the greatest common divisor of 6 and h?
6
Let d be (-5)/(75/12)*-5. Let j = d - 0. Let y be -1 - -17 - (-8)/j. Calculate the highest common divisor of y and 9.
9
Let p = 4 - 7. Let h = p + 78. What is the greatest common factor of 30 and h?
15
Let w(g) = -16*g - 9. Let n be w(-8). What is the highest common divisor of n and 17?
17
Let y be ((-4)/3)/(5/(-60)). What is the highest common divisor of y and 64?
16
Let n(s) be the third derivative of 2*s**5/5 - s**4/8 - s**3/2 - 7*s**2. Let l be n